{"id":1587,"date":"2024-10-03T13:52:11","date_gmt":"2024-10-03T13:52:11","guid":{"rendered":"https:\/\/news.linkpc.net\/w7\/?page_id=1587"},"modified":"2024-10-03T13:55:35","modified_gmt":"2024-10-03T13:55:35","slug":"politica-de-privacidade","status":"publish","type":"page","link":"https:\/\/news.linkpc.net\/w7\/politica-de-privacidade\/","title":{"rendered":"Pol\u00edtica de Privacidade"},"content":{"rendered":"\r\n<p>&#8220;Este site pode utilizar cookies e\/ou web beacons quando um usu\u00e1rio tem acesso \u00e0s p\u00e1ginas. Os cookies que podem ser utilizados associam-se (se for o caso) unicamente com o navegador de um determinado computador.<\/p>\r\n\r\n\r\n\r\n<p>Os cookies que s\u00e3o utilizados neste site podem ser instalados pelo mesmo, os quais s\u00e3o originados dos distintos servidores operados por este, ou a partir dos servidores de terceiros que prestam servi\u00e7os e instalam cookies e\/ou web beacons (por exemplo, os cookies que s\u00e3o empregados para prover servi\u00e7os de publicidade ou certos conte\u00fados atrav\u00e9s dos quais o usu\u00e1rio visualiza a publicidade ou conte\u00fados em tempo pr\u00e9 determinados). O usu\u00e1rio poder\u00e1 pesquisar o disco r\u00edgido de seu computador conforme instru\u00e7\u00f5es do pr\u00f3prio navegador.<\/p>\r\n\r\n\r\n\r\n<p>Usu\u00e1rio tem a possibilidade de configurar seu navegador para ser avisado, na tela do computador, sobre a recep\u00e7\u00e3o dos cookies e para impedir a sua instala\u00e7\u00e3o no disco r\u00edgido. As informa\u00e7\u00f5es pertinentes a esta configura\u00e7\u00e3o est\u00e3o dispon\u00edveis em instru\u00e7\u00f5es e manuais do pr\u00f3prio navegador&#8221;.<\/p>\r\n\r\n\r\n\r\n<p>Usamos empresas de publicidade de terceiros para veicular an\u00fancios durante a sua visita ao nosso website. Essas empresas podem usar informa\u00e7\u00f5es (que n\u00e3o incluem o seu nome, endere\u00e7o, endere\u00e7o de e-mail ou n\u00famero de telefone) sobre suas visitas a este e a outros websites a fim de exibir an\u00fancios relacionados a produtos e servi\u00e7os de seu interesse.<\/p>\r\n\r\n\r\n\r\n<p>O Google, como fornecedor de terceiros, utiliza cookies para exibir an\u00fancios no seu site. Com o cookie DART, o Google pode exibir an\u00fancios para seus usu\u00e1rios com base nas visitas feitas aos seus e a outros sites na Internet. Os usu\u00e1rios podem desativar o cookie DART visitando a <a href=\"http:\/\/www.google.com\/privacy_ads.html\" target=\"_blank\" rel=\"noreferrer noopener\">Pol\u00edtica de privacidade da rede de conte\u00fado e dos an\u00fancios do Google<\/a>.<\/p>\r\n\r\n\r\n\r\n<p>Nossos sites oferecem tamb\u00e9m um servi\u00e7o que \u00e9 totalmente gratuito para voc\u00ea consumidor e \u00e9 prestado em parceria com a plataforma Zanox\/Awin. Caso n\u00e3o esteja de acordo, por favor, n\u00e3o os utilize.<\/p>\r\n\r\n\r\n\r\n<p><strong> Sempre confira o pre\u00e7o e as condi\u00e7\u00f5es no site da loja.<\/strong> Antes de fechar seu pedido, confira o valor do servi\u00e7o de entrega. Exija sempre sua nota fiscal.<\/p>\r\n\r\n\r\n\r\n<p>As informa\u00e7\u00f5es sobre produtos s\u00e3o obtidas de terceiros. O News LinPC se dedica a garantir a exatid\u00e3o desses dados, mas n\u00e3o assume qualquer responsabilidade por incorre\u00e7\u00f5es. Certifique-se sempre com a loja ou fabricante sobre as especifica\u00e7\u00f5es detalhadas do produto.<\/p>\r\n\r\n\r\n\r\n<blockquote class=\"wp-block-quote is-layout-flow wp-block-quote-is-layout-flow\"><strong>AWIN<\/strong> &#8211; <strong>Rede de Parcerias<\/strong><\/blockquote>\r\n\r\n\r\n\r\n<h3 class=\"wp-block-heading\">Termos e Condi\u00e7\u00f5es<\/h3>\r\n\r\n\r\n\r\n<p>Rege a forma como trabalhamos com nossos clientes, incluindo pagamentos, responsabilidades e o c\u00f3digo de conduta. Todos os clientes ativos na rede devem estar familiarizados com e sempre seguir os termos e condi\u00e7\u00f5es.<\/p>\r\n\r\n\r\n\r\n<ul class=\"wp-block-list\">\r\n<li><a href=\"https:\/\/s3.amazonaws.com\/docs.awin.com\/Legal\/Publisher+terms+and+conditions+2019+ENG.pdf\" target=\"_blank\" rel=\"noreferrer noopener\">Termos e Condi\u00e7\u00f5es<\/a>\u00a0&#8211; Afiliados participantes da Marketplace (2019)<\/li>\r\n<li><a href=\"https:\/\/www.awin.com\/br\/termos-e-condicoes\/advertiser-terms-and-conditions-awin-2011\">Termos e Condi\u00e7\u00f5es<\/a>\u00a0&#8211;\u00a0\u00a0Anunciantes (2018)<\/li>\r\n<li><a href=\"https:\/\/www.awin.com\/br\/publisher-terms\">Termos de Afiliados<\/a> (2020)<\/li>\r\n<\/ul>\r\n\r\n\r\n\r\n<h3 class=\"wp-block-heading\">C\u00f3digo de Conduta<\/h3>\r\n\r\n\r\n\r\n<p>O <a href=\"https:\/\/www.awin.com\/br\/juridico\/code-of-conduct\" target=\"_blank\" rel=\"noreferrer noopener\">C\u00f3digo de Conduta da Awin <\/a>apresenta regras complementares e diretrizes para ajudar os afiliados a entregar um desempenho de alta qualidade para os anunciantes da rede Awin. Aplica-se a todos os afiliados da rede Awin que geram tr\u00e1fego da web e consumidores aos anunciantes.<\/p>\r\n\r\n\r\n\r\n<h3 class=\"wp-block-heading\">Cookies no Awin.com<\/h3>\r\n\r\n\r\n\r\n<p>Nosso site faz uso de cookies para garantir a melhor experi\u00eancia em nosso site. Leia mais sobre nossa pol\u00edtica de privacidade abaixo ou saiba como gerenciar suas configura\u00e7\u00f5es de cookies. Ao continuar a navegar em nosso site, voc\u00ea d\u00e1 o seu consentimento para o uso de cookies.<\/p>\r\n\r\n\r\n\r\n<h3 class=\"wp-block-heading\">Pol\u00edtica de Privacidade<\/h3>\r\n\r\n\r\n\r\n<p>Temos um compromisso em proteger e respeitar sua privacidade. Esta pol\u00edtica define a base na qual processamos quaisquer dados pessoais coletados ou fornecidos por voc\u00ea. Leia nossa declara\u00e7\u00e3o de privacidade para obter um melhor entendimento de como lidamos com seus dados pessoais<\/p>\r\n\r\n\r\n\r\n<ul class=\"wp-block-list\">\r\n<li><a href=\"https:\/\/www.awin.com\/br\/juridico\/privacy-policy\" target=\"_blank\" rel=\"noreferrer noopener\">Pol\u00edtica de Privacidade<\/a><\/li>\r\n<\/ul>\r\n\r\n\r\n\r\n<h3 class=\"wp-block-heading\">Sistema de Den\u00fancias<\/h3>\r\n\r\n\r\n\r\n<p>A Awin atribui grande import\u00e2ncia ao compliance com leis aplic\u00e1veis e padr\u00f5es \u00e9ticos. Para evitar viola\u00e7\u00f5es e reagir a elas de maneira adequada, oferecemos um Sistema de Den\u00fancias aberto a funcion\u00e1rios e externos para denunciar poss\u00edveis viola\u00e7\u00f5es e pedir orienta\u00e7\u00e3o. <a href=\"http:\/\/www.bkms-system.net\/awin\">Atrav\u00e9s do uso da ferramenta<\/a>, voc\u00ea pode optar por permanecer totalmente an\u00f4nimo durante todo o processo.<\/p>\r\n\r\n\r\n\r\n<h3 class=\"wp-block-heading\">Pol\u00edticas da Rede<\/h3>\r\n\r\n\r\n\r\n<p>Os termos e condi\u00e7\u00f5es das redes fornecem uma vis\u00e3o geral abrangente dos compromissos, garantias das pr\u00e1ticas de trabalho esperadas de uma rede e o que esperar em troca.<\/p>\r\n\r\n<form id=\"form-new-post\">\n\t\t<fieldset>\n\t\t\t\n\t\t\t<h4 class=\"mt-0\">Do Not Sell Request<\/h4>\n\t\t\t<span id=\"donotsellmsg\" class=\"msg\"><\/span>\n\t\t\t<!-- <span id=\"donotsell-error-msg\" class=\"msg\"><\/span> -->\n\t\t\t<div class=\"form_row\">\n\t\t\t\t<div class=\"col_6\">\n\t\t\t\t\t<div class=\"form-group\">\n\t\t\t\t\t\t<input type=\"text\" class=\"form-control\" placeholder=\"First Name\" name=\"donotsell_first_name\" value=\"\" required\/>\n\t\t\t\t\t<\/div>\n\t\t\t\t<\/div>\n\t\t\t\t<div class=\"col_6\">\n\t\t\t\t\t<div class=\"form-group\">\n\t\t\t\t\t\t<input type=\"text\" class=\"form-control\" placeholder=\"Last Name\" name=\"donotsell_last_name\" value=\"\" required\/>\n\t\t\t\t\t\t\n\t\t\t\t\t<\/div>\n\t\t\t\t<\/div>\n\t\t\t\t<div class=\"col_12\">\n\t\t\t\t\t<div class=\"form-group\">\n\t\t\t\t\t\t<input type=\"email\" class=\"form-control\" placeholder=\"Email\" name=\"donotsell_email\" value=\"\" required\/>\n\t\t\t\t\t<\/div>\n\t\t\t\t<\/div>\n\t\t\t<\/div>\n\t\t\t\t\t\t\t<div class=\"form-group\">\n\t\t\t\t\t<label for=\"donotsell_consent\" class=\"form_p\">\n\t\t\t\t\t\t<input type=\"checkbox\" name=\"donotsell_consent\" id=\"donotsell_consent\" class=\"js-lgpd-conditional form_check\" data-show=\".lgpd-terms-page\" value=\"yes\"  required>\n\t\t\t\t\t\tI agree to receive other communications from Not\u00edcias do Brasil\t\t\t\t\t<\/label>\n\t\t\t\t<\/div>\n\t\t\t\t<div class=\"form-group\"><p class=\"form_p\"><\/p><\/div>\n\t\t\t\t\t\t<button type=\"submit\"\n\t\t\t\t\tclass=\"submit\"\n\t\t\t\t\tdata-is-updated=\"false\"\n\t\t\t\t\tdata-is-update-text=\"UPDATE\">Enviar\t\t\t<\/button>\n\t\t<\/fieldset>\n\t<\/form>\n<input type=\"hidden\" id=\"baseurl\" value=\"https:\/\/news.linkpc.net\/w7\"><input type=\"hidden\" id=\"audio_nonce\" value=\"833ab8ba38\">","protected":false},"excerpt":{"rendered":"<p>&#8220;Este site pode utilizar cookies e\/ou web beacons quando um usu\u00e1rio tem acesso \u00e0s p\u00e1ginas. Os cookies que podem ser utilizados associam-se (se for o caso) unicamente com o navegador de um determinado computador. Os cookies que s\u00e3o utilizados neste site podem ser instalados pelo mesmo, os quais s\u00e3o originados dos distintos servidores operados por [&hellip;]<\/p>\n","protected":false},"author":1,"featured_media":0,"parent":0,"menu_order":0,"comment_status":"closed","ping_status":"closed","template":"","meta":{"footnotes":""},"class_list":["post-1587","page","type-page","status-publish","hentry"],"_links":{"self":[{"href":"https:\/\/news.linkpc.net\/w7\/wp-json\/wp\/v2\/pages\/1587","targetHints":{"allow":["GET"]}}],"collection":[{"href":"https:\/\/news.linkpc.net\/w7\/wp-json\/wp\/v2\/pages"}],"about":[{"href":"https:\/\/news.linkpc.net\/w7\/wp-json\/wp\/v2\/types\/page"}],"author":[{"embeddable":true,"href":"https:\/\/news.linkpc.net\/w7\/wp-json\/wp\/v2\/users\/1"}],"replies":[{"embeddable":true,"href":"https:\/\/news.linkpc.net\/w7\/wp-json\/wp\/v2\/comments?post=1587"}],"version-history":[{"count":0,"href":"https:\/\/news.linkpc.net\/w7\/wp-json\/wp\/v2\/pages\/1587\/revisions"}],"wp:attachment":[{"href":"https:\/\/news.linkpc.net\/w7\/wp-json\/wp\/v2\/media?parent=1587"}],"curies":[{"name":"wp","href":"https:\/\/api.w.org\/{rel}","templated":true}]}}